-3*h = 3*p + 2*h - 547. What is the units digit of p?
4
Suppose 42*t + 21492 = 52*t + 6622. What is the thousands digit of t?
1
Let q(c) = -9*c - 80. Let k be q(-8). What is the hundreds digit of 961 + (20/k - 13/(-2))?
9
Suppose -12*f + 9*f = 3*g - 30, -4*f = 3*g - 35. Suppose 1058 = g*z - 1007. What is the tens digit of z?
1
Let o = -16075 + 40734. What is the thousands digit of o?
4
Let x(f) = -6*f**2 + 5*f + 9. Let z be x(-6). Let u be (-6)/2 - z*(-6)/(-9). Let w = -82 + u. What is the units digit of w?
3
Let v(j) = 10 + j**3 - 5*j**2 + 7*j - 4*j - 4. Let c be v(4). Suppose c*h - 7 = 3. What is the units digit of h?
5
Suppose -89*c - 292*c + 5642820 = 183*c. What is the units digit of c?
5
Let k(g) = -10911*g + 773. What is the thousands digit of k(-4)?
4
Let q(l) = 2*l - 23. Let c be q(13). Let i be -1*c/9 - (-614)/6. What is the tens digit of i*7/63*(-1 - -16)?
7
Suppose -3*b + 2*g = -0*g + 810, -b = g + 265. Let f = b + 450. Suppose d = -6*d + f. What is the tens digit of d?
2
Suppose -25 = -5*s, -2*g + 3*s + 19 = 6*s. Suppose g*l - 4*o = 726, 5*l - 23*o = -18*o + 1835. What is the hundreds digit of l?
3
Suppose 84*j = -7*j + 5*j + 1204. Suppose -237 = 2*b + 79. Let g = j - b. What is the hundreds digit of g?
1
Let k be ((-1965)/(-12))/((-10)/(-40)). Suppose 0 = -3*h + u + 1971, -h + k = -13*u + 12*u. What is the hundreds digit of h?
6
Let z = 59 - 56. Let j be z/15 - (552/(-20))/2. What is the hundreds digit of 0 + 4/j - 2934/(-21)?
1
What is the thousands digit of -13 - ((-730)/438 - (-20548)/(-3))?
6
Let d(p) = p**3 + 3*p**2 + 5*p + 8. Suppose 2*r - r = g + 14, -5*g - 62 = -3*r. Let q be d(g). What is the units digit of q/(-10) - (-8)/10?
5
Let i(l) = -l - 1. Let p(w) = 42*w + 2 + 0 - 46*w. Let a(f) = -6*i(f) + 2*p(f). What is the units digit of a(-2)?
4
Suppose 551684 = 143*o - 10*o. What is the hundreds digit of o?
1
Let r(h) = -h**3 - 20*h**2 - 40*h - 63. What is the units digit of r(-18)?
9
Let l = 9449 - 5477. What is the tens digit of l?
7
Let r(w) = 5*w**3 + 2*w**2 - 4*w + 1. Let i be r(1). Suppose -i*m = -3*n - n - 36, 0 = -m - 2*n + 9. What is the units digit of m?
9
Let t(b) = -19*b - 18. Let k be t(-9). Suppose 0 = 3*i + 3*s - 0*s - k, 0 = i - 3*s - 59. Suppose 5*r - 6*r = -i. What is the tens digit of r?
5
Let u(b) be the first derivative of 119*b**2/2 - 4*b - 16. What is the hundreds digit of u(1)?
1
Let h(o) be the first derivative of 9*o**5/40 - 7*o**4/24 + 20*o**3/3 - 9. Let b(l) be the third derivative of h(l). What is the units digit of b(3)?
4
Let i(h) = -6*h**3 - 7*h**2 + 4*h - 9. Let w(m) = -m**3 - m + 2. Let v(n) = i(n) + 2*w(n). What is the units digit of v(-4)?
7
Let b(f) = 158*f + 699. What is the hundreds digit of b(41)?
1
Suppose -2*d - 3*j + 2022 = 0, -5*j + 1669 = 5*d - 3396. Suppose -136*u = -135*u - d. What is the units digit of u?
7
Let l(d) = d**2 + 15*d + 4. Let j be l(-15). Let c be 6/1 + j + -1. Suppose -10*w = -c*w - 56. What is the units digit of w?
6
Suppose 0 = -11*g - 3*g + 98. Suppose -384 = -g*d + 2108. What is the hundreds digit of d?
3
Let m = -15 - -19. What is the hundreds digit of ((-6)/9*(-1746)/m)/1?
2
Let v be 6/(-15) + (360/(-25))/(-6). Let r(m) = -5*m + v*m + 13*m + m - 70. What is the hundreds digit of r(16)?
1
Suppose -261*f + 11061172 = -1135619. What is the hundreds digit of f?
7
Suppose -31*c = -649000 - 198850. What is the hundreds digit of c?
3
Let m(w) = 18*w**2 - 37*w + 2423. What is the hundreds digit of m(48)?
1
Let o = 16281 + 6792. What is the tens digit of o?
7
Let h = -34976 + 84132. What is the tens digit of h?
5
Suppose 59*n - 8558 = 58*n + 2*k, 4*n - 5*k = 34214. What is the tens digit of n?
4
Let g(l) = 5*l - 7. Let s be g(2). Suppose 4*o = s*o + 180. What is the units digit of 0 - (-7)/(14/o)?
0
Let k = -693 + 1. Let x = 342 - k. What is the hundreds digit of x?
0
Suppose -8*m - 84 = -m. Let b(q) = -q**3 - 11*q**2 + 12*q - 10. Let d be b(m). What is the tens digit of 32/(-6)*-2*(-15)/d?
1
Let o(c) = 19*c + 437. What is the units digit of o(6)?
1
Let c(i) = 100*i**2 + i - 9. Let m be c(6). Let u = m - 2419. Suppose -u = -4*n - 58. What is the hundreds digit of n?
2
Let w(n) = -591*n - 2871. What is the thousands digit of w(-20)?
8
Let p = -5 + 7. Let f(z) = -3*z**2 - z + 0*z + 29*z**2 + 8 - 3*z**2. What is the units digit of f(p)?
8
Let u(q) = 22*q**2 - 8*q + 14. Let v be u(-4). Suppose -1234 = -8*b + v. What is the hundreds digit of b?
2
Let s(y) = 14*y + 22. Let c(b) = b + 12. Suppose 21 = -52*k + 49*k. Let j be c(k). What is the units digit of s(j)?
2
Let g be (373843 - 1)/(-9)*-1. Suppose 15*u = -6*u + g. What is the hundreds digit of u?
9
Let a = 2944 + 70. What is the hundreds digit of a?
0
What is the thousands digit of 419892/264*(1 + 1)?
3
Let z(v) = -v**2 - 12*v - 18. Let m be z(-12). Let u = m + 44. What is the tens digit of u*((-7 - -6) + -1 + 3)?
2
Let r be 1 + 0/(7 - 1). What is the units digit of (r/(-3))/((6 - 4)/(-462))?
7
Suppose -6*z + 148 = -80. Suppose 15*a = -z + 308. What is the hundreds digit of -1 - (3 + 23)*a/(-4)?
1
Let a be (10/8 - 2) + (-1041)/(-12). Suppose -4*b - 3*u + 85 = 0, b + 2*u = -3*b + a. Suppose 5*q - 48 = b. What is the tens digit of q?
1
What is the thousands digit of (-6 - (-2 - 6895)) + (8 - 11)?
6
Suppose 3*p - 5*r = 5*p - 1588, -1588 = -2*p - 4*r. What is the tens digit of p/4*(-44)/(-22)?
9
Let y(a) = -9*a**3 - 4*a**2 + 5*a - 8. Let i = 265 - 270. What is the tens digit of y(i)?
9
Suppose 6*p = -2*j + 8608, 0 = -171*j + 168*j + 3*p + 12972. What is the units digit of j?
9
Suppose -35 = 26*l - 25*l. Let i = l - -39. What is the hundreds digit of 5 + i + -4 + 115?
1
Let h = -3905 + 7130. What is the thousands digit of h?
3
Let y(p) = 27*p**2 - 75*p - 581. What is the units digit of y(35)?
9
Let b(a) = -2*a + 72. Let p be 4 - (4 - 21/(-1)). What is the tens digit of b(p)?
1
Let t = 207 + -174. Let k = 8 + t. What is the units digit of k?
1
Let k(c) = 448*c**3 - 24*c**2 + 26*c + 32. What is the units digit of k(5)?
2
Suppose k - 4*o + 4 = 0, -k - 31 = 3*k - o. Let x(h) = h**2 + 2*h + 10. Let w be x(k). Suppose -w*m = -55*m - 234. What is the units digit of m?
8
Let h = -218 + 186. What is the hundreds digit of h/(-10)*845/26?
1
Let h(k) be the third derivative of -k**6/120 - 23*k**5/60 + 7*k**4/8 + 10*k**3/3 - 39*k**2. What is the units digit of h(-25)?
5
Let b be (8/(-3))/((-2)/33). Suppose -104*v + 4284 = -308*v. Let l = v + b. What is the tens digit of l?
2
What is the tens digit of (1078770/(-420))/((-2)/36)?
3
Let d(t) = 3*t**2 + 2*t. Suppose 4*h + 5*q + 7 + 1 = 0, 5*q + 35 = 5*h. Suppose -17 = h*n + 1. What is the tens digit of d(n)?
9
Let v(h) = h**2 - 2*h - 9. Let n be v(0). Let d = n - -25. Suppose 10*q + 198 = d*q. What is the units digit of q?
3
Suppose -12*b + 23*b + 4125 = 0. Let i = b - -630. What is the tens digit of i?
5
Suppose -2*z + 4*z - 24 = 4*m, -3*z = -6. Let n(u) be the second derivative of -u**3/2 - 4*u**2 - u. What is the units digit of n(m)?
7
Let m = 33153 + 4987. What is the thousands digit of m?
8
Let s be (11/(-5 - 17))/(2/(-4868)). Let l = s - 358. What is the hundreds digit of l?
8
What is the ten thousands digit of (-952)/204 + 119795/3?
3
Let u(x) = -14*x**3 + 16*x**2 + 44*x - 20. What is the tens digit of u(-9)?
8
Suppose -45 = -5*o - 0*o. Let k be 4*(45/20)/o. Let a(m) = 86*m**2 + 2. What is the tens digit of a(k)?
8
Suppose 0 = 5*j - 5*r - 11910, j + 7*r - 6*r = 2384. What is the tens digit of j?
8
Let l = -450 + 461. Suppose -5*u + i + 2790 = 0, 3*i - 1116 = -l*u + 9*u. What is the units digit of u?
8
Let m = 6355 + 4562. What is the thousands digit of m?
0
Let y = -13 + 18. Suppose 3*r - 4*u - 1 + 6 = 0, 0 = u - y. Suppose -r*c + 4*x - 40 + 212 = 0, -5*c + 2*x + 166 = 0. What is the tens digit of c?
3
Suppose -4*p + 3*h = -69144, 16*p - 3*h = 9*p + 120993. What is the hundreds digit of p?
2
Suppose 5*r + 30*h - 13 = 33*h, -4*r - h = -24. Suppose 10 = r*m, 2*m + 1346 = 2*s + m. What is the tens digit of s?
7
Let a be (-36)/(-210)*5*28. What is the hundreds digit of (-90)/a*656/(-6)?
4
Let x = -3990 + 10340. What is the thousands digit of x?
6
Let b be (-1 - -5) + (3 - (-184)/(-2)). Let t = -93 - b. Let i(c) = 3*c**2 - 2*c - 52. What is the tens digit of i(t)?
5
Let k(s) = -2942